second derivative of v**5/2 - v**3/3 + v**2/2 + 2*v. Let x be r(1). Let c = -6 + x. Let d(w) = -w**3 + 4*w**2 + 1. Determine d(c).
10
Let h be (3 + -5)*1/(-2). Let y(q) = -h - 6*q**2 - 5*q + 11*q**2 - 7*q**2. Give y(-4).
-13
Let r = -2 - -13. Let b(o) = -o**3 + 11*o**2 + 2*o - 11. Let i be b(r). Suppose -i = 2*j + a, -3*a = -3*j + 2*a - 23. Let t(f) = f + 1. Determine t(j).
-5
Let n(p) = -p**3 - 8*p**2 + 4*p - 6. Let c(i) = 79*i - 720. Let u be c(9). Determine n(u).
39
Let z(x) be the second derivative of -x**5/120 + x**4/24 - x**3 - 3*x. Let i(v) be the second derivative of z(v). Let s be (4 - 2/(-2))/(-1). What is i(s)?
6
Let z(c) = -7*c - 1. Suppose 0 = 8*b - 9 - 7. Let y(k) = -22*k - 4. Let a(o) = b*y(o) - 7*z(o). Determine a(3).
14
Let a(f) = f**3 - 14*f**2 - 2*f - 16. Let y(b) = 5*b**3 - 72*b**2 - 6*b - 80. Let x(h) = -11*a(h) + 2*y(h). Calculate x(11).
5
Let t(o) = o**2. Let l(i) = -4*i + i**3 - 4*i - 8*i + 10*i. Let w(s) = l(s) + 4*t(s). Give w(-5).
5
Let o(h) = -7*h**2 - 4*h + 10. Let k(w) = w**3 - 5*w**2 - 3*w - 13. Let c be k(6). Let z(g) = 6*g**2 + 4*g - 9. Let i(s) = c*o(s) + 6*z(s). What is i(-6)?
8
Let a(w) = 1. Let l(s) = s - 7. Let q(i) = -2*a(i) - l(i). Determine q(2).
3
Let a(v) = v**2 - 6*v**2 - 4*v**2 + 3*v + v**3 - 2 + 2*v**2. Let u = -1920 + 1927. What is a(u)?
19
Let w(r) = r**3 - 2*r**2 - 3*r + 1. Let z = -18 + 23. Suppose s = -3*s + 8, -2*a + 16 = z*s. Give w(a).
1
Let b(a) = a**3 - 6*a**2 + 4*a + 5. Let m(o) = o**3 + 11*o**2 - 12*o - 4. Let c be m(-12). Let y be (-5 - -7)*c/(-2). Give b(y).
-11
Let h(u) = -u**2 - 9*u - 6. Suppose -30 = 5*w + 5*n, 4*n = -2*w - 3 - 7. What is h(w)?
8
Let c(l) = 20 + 15 + 5*l - 35. Give c(2).
10
Let m(x) = 0 + 0 + 13*x**2 - 15*x**2 + x**2 + 2*x**3. Give m(2).
12
Let r(b) = 0*b - b**3 + 3*b**2 + 3*b + 2*b - 2 - 3*b. Give r(3).
4
Let g(m) = -3*m**2 + 102*m + 100. Let t be g(35). Let r(q) = q**3 + 4*q**2 - 7*q - 7. Determine r(t).
3
Let m(c) = 6 - 3*c + 3*c - 5*c. Let l(p) = -2*p + 2. Let r(f) = 8*l(f) - 3*m(f). Suppose -d = -3*b + 4*d + 31, -26 = -3*b + 4*d. What is r(b)?
-4
Let w(d) = 12*d**3 + 36*d**2 + 46*d + 17. Let h(x) = -7*x**3 - 19*x**2 - 23*x - 8. Let j(y) = -5*h(y) - 3*w(y). Give j(-11).
0
Let a(j) = 5 + 3*j**2 + j**3 + 8*j**2 - 155*j + 129*j. Let s be a(-13). Let d(t) = -2*t + 6. Calculate d(s).
-4
Suppose 27 = 5*l + 2. Suppose -l*z + 2 = -3. Let h(c) = 6 + 16*c**2 + 2*c + 0 - 7. Determine h(z).
17
Let m be -2 + 1/4*(90 - 66). Let f(i) = 1 - 2 - i - 2. What is f(m)?
-7
Let k(a) = 3*a**3 - 2*a**2 + 4*a - 6. Let m(w) = 4*w**3 - w**2 + 3*w - 6. Let s(z) = 3*k(z) - 2*m(z). Give s(4).
18
Suppose 23*l - 20*l = -48. Let n(p) = p**3 + 16*p**2 - p - 22. Give n(l).
-6
Let d(a) = a**2 - 7*a + 3. Let i = -7 - -7. Let f = 40 + -25. Suppose 5*m + 3*w - 23 = 0, i = m + w - 3*w - f. Determine d(m).
3
Let a(k) = 13*k**2 - 13*k - 12. Let w(j) = -5*j**2 + 7*j + 6. Let n(p) = 2*a(p) + 5*w(p). Let u be (-37)/4 - (-8)/32. Give n(u).
6
Suppose -2*o = -5*b + 7 + 23, -7 = 2*b + 3*o. Let i(n) be the first derivative of 2*n**2 - 6*n + 1. Determine i(b).
10
Let n = 45 + -40. Let d(a) = a + 3 - n + 0*a. Give d(0).
-2
Let n(r) be the third derivative of -r**7/420 - r**6/360 - r**5/60 + 5*r**3/6 + 9*r**2. Let c(q) be the first derivative of n(q). What is c(-2)?
16
Let a(d) = -9*d + 10. Let x(w) = -4*w + 5. Let o(i) = -2*a(i) + 5*x(i). Let c be o(0). Let h(t) = 6*t**2 - t**3 - 5*t + 3 + 3*t**3 - 3*t**3. Determine h(c).
3
Suppose -83 = 36*t - 11. Let z(m) = -3*m**3 + 2*m**2 + m - 6. Let r(h) = -5*h**3 + 3*h**2 + 2*h - 9. Let n(b) = 5*r(b) - 8*z(b). What is n(t)?
3
Let a be (-21)/(63/(-24))*1/2. Let j(w) be the third derivative of 0*w + 0 + 1/60*w**5 - 1/3*w**3 + 1/8*w**a + 5*w**2. Determine j(2).
8
Let l(p) = p**2 - p + 1. Let u(o) = -7*o**2 + o - 9. Let d(q) = -6*l(q) - u(q). Let n = -390 + 385. Give d(n).
3
Let g(f) = f - 7. Let o(x) = -2*x + 15. Let u(b) = -5*g(b) - 2*o(b). Let t(c) = -c**3 - c**2 - 2*c - 2. Let p be -1 + 3/12*0. Let m be t(p). What is u(m)?
5
Suppose 113 + 52 = -55*y. Let j(m) = m**3 - m + 2. Give j(y).
-22
Let d = -69 + 67. Let w(k) = -k**3 - 2*k**2 + k - 1. Determine w(d).
-3
Let n be ((-22)/(-6) + -2)*-3. Let b(d) = -d + 1. Let t(z) = 4*z - 10. Let k(j) = -5*b(j) - t(j). Let s(w) = -1. Let q(v) = -k(v) - 2*s(v). Calculate q(n).
2
Let a(y) be the third derivative of -y**5/60 + 5*y**4/12 - 2*y**3 + 184*y**2. Give a(9).
-3
Let z(n) be the third derivative of -5*n**4/24 - 2*n**3/3 + 22*n**2 - 5. Calculate z(-8).
36
Let h(g) = g + 1. Let c(b) = -b**3 - 6*b**2 + 2*b + 3. Suppose -5*y + 3 = -4*y. Let a(r) = y*h(r) - c(r). Let o = 14 + -20. Determine a(o).
-6
Suppose -5*q + 4*q = -4*v, 2*v - 14 = -3*q. Let l(k) = 7*k - v + 2 + k + 8*k. What is l(1)?
17
Suppose -2*r - 86 = -98. Let c(k) = k - 2. Give c(r).
4
Let r(k) = -k**3 - 22*k**2 - k - 16. Let m be r(-22). Let b(z) = z**3 - 6*z**2. Determine b(m).
0
Let j be -3 + 8/12*-6. Let f(t) = -t**2 - 10*t - 15. Let u be f(j). Let q(v) = v**3 - 6*v**2 - v + 1. Determine q(u).
-5
Suppose 20 + 10 = 6*s. Suppose 4*p - 15 - 7 = -2*w, -s*p + 14 = -2*w. Suppose -p*g - 1 = 11. Let f(y) = -y**3 - 3*y**2 + y + 3. Determine f(g).
0
Let m(k) be the second derivative of k**4/6 + 2*k**3/3 + k**2 - 13*k. Let n be m(-3). Let z(o) = -o + 4. What is z(n)?
-4
Let o(s) = 2*s + 23. Let h(x) = x**3 - 4*x**2. Let r be h(3). Let c be o(r). Let m(u) = -u**3 + 5*u**2 - 6. What is m(c)?
-6
Let t(j) = 8 - 21*j - 17*j + 36*j. What is t(6)?
-4
Let f(o) = -21*o + 1. Let w(z) = -25*z + 2. Let g(s) = -4*f(s) + 3*w(s). Give g(1).
11
Let o(n) = n - 1. Suppose 0 = p + 5*p + 6. Let g(u) = u**3 - 1 + 2*u - 2*u**3 + 6*u**2 - 5. Let s(i) = p*g(i) + 6*o(i). Calculate s(5).
-5
Let z(l) = 0*l + 9*l - 4*l - 2*l - 4*l + 6. Determine z(10).
-4
Let q(x) = -31*x**3 - 2*x**2 + x + 3. Let t be q(-1). Suppose -w - 4*k = -24, -t = -5*w - k - 6. Let b(z) = z**2 - 6*z + 5. Determine b(w).
-3
Let p(g) = -4*g**3 - g**2 + g. Let b(r) be the second derivative of -r**3/3 - 6*r**2 + 7*r. Let i be b(-8). Suppose 4*v + i - 8 = 0. Give p(v).
-4
Let v(u) = -7*u - 4 + 1 + 3. Suppose 6 = -5*t - 2*w - 1, 4*w + 5 = -t. Determine v(t).
7
Let f(j) = -22*j**2 + 23*j**2 - j - 1 - 2*j. Let c be f(-1). Let l(n) = 6 - 3 - n**c - 3 + 2*n**2 - 2*n + 4. What is l(3)?
-11
Let o be 8/(-44) + 576/22. Suppose 2*l - o = 5*r, -3*r = -5*l + 28 - 1. Let w(c) = -l - 1 + 4*c + 4. What is w(2)?
8
Let b(v) = v + 2. Let k(c) = c**3 - 10*c**2 - 10*c - 11. Let q = -119 - -130. Let l be k(q). Calculate b(l).
2
Let v be (-20)/(-16) + (-6)/(-8). Let h(t) = 2*t + 1. Determine h(v).
5
Let v(r) = -r**2 + 8*r - 9. Let f = 854 + -848. What is v(f)?
3
Suppose -4*p = -0 - 8. Suppose 4*l + 6 = p*l. Let n(d) be the third derivative of -d**4/8 - d**3/3 - 2*d**2 + 18*d. Calculate n(l).
7
Let z(f) be the second derivative of -f**8/6720 - f**7/2520 + f**6/720 + f**5/60 + 5*f**4/3 + 18*f. Let j(x) be the third derivative of z(x). Determine j(-2).
4
Let k(i) = -6*i - 30. Let v be k(-6). Suppose -25 = v*f - f. Let l(z) = z + 3. Calculate l(f).
-2
Let h = -14 + 18. Suppose -5*l = h*a - 23, 4*l + a = -0*l + 14. Let y(g) = -2*g**2 + 2*g + 3. Give y(l).
-9
Let w(j) = -5*j**2 - j**3 + 18*j + 12*j**2 - 11 + 0*j**3 + 3*j**2 - 26*j. Give w(9).
-2
Let f(l) = -2*l - 3. Let w be f(-4). Let i be (-9)/(-36) + w/(-4). Let r(q) = -13*q - 1. Give r(i).
12
Suppose -p - 3 - 16 = 5*i, -5*p = 4*i + 32. Let g(y) = y - 1. Let f(w) = 3*w - 5. Let n(z) = p*g(z) + f(z). What is n(-1)?
0
Let a be (19 - 5)/14*(0 + 0). Let i(c) = -c. Let p(q) = -q - 3. Let s(u) = 2*i(u) - p(u). What is s(a)?
3
Let x(m) be the second derivative of 5*m**4/12 + m**2/2 - 9*m. Give x(-2).
21
Let f(g) be the second derivative of g**7/840 + g**6/72 + 5*g**4/24 - g**3/3 + g. Let u(z) be the second derivative of f(z). Let n = -131 + 126. Determine u(n).
5
Let v(s) = -9*s - 3. Let q = 39 - 39. Suppose -2*f - f = q, 4*f = -3*h - 6. Calculate v(h).
15
Let u be 3 + (-1)/((-4)/8). Suppose 3*k = u*k - 12. Let z(s) = 3 + 1 + s - 3 - k. What is z(-4)?
-9
Let h be (0 + -1)/(7/77). Let w(m) = -m**2 - 11*m + 5. Determine w(h).
5
Let y(i) = -i**2 - 14*i - 12. Let v be y(-13). Let n(k) = -33*k. Let t(d) = -17*d. Let j(l) = 2*n(l) - 5*t(l). Determine j(v).
19
Let h(u) = u**3 - 5*u**2 - 2*u - 1. Let l(a) = 5*a**2 - 11*a**3